0 (base 4) in base 6?
20
Convert 3 (base 5) to base 7.
3
Convert -3 (base 11) to base 7.
-3
-40 (base 9) to base 10
-36
Convert -6 (base 12) to base 4.
-12
Convert 3 (base 14) to base 12.
3
Convert -6 (base 10) to base 16.
-6
What is -26 (base 14) in base 11?
-31
-12 (base 3) to base 4
-11
What is 6 (base 9) in base 2?
110
-3 (base 13) to base 5
-3
Convert 1a7 (base 11) to base 5.
1423
Convert -126 (base 7) to base 9.
-76
7 (base 8) to base 16
7
451 (base 7) to base 12
174
What is -139 (base 15) in base 4?
-10113
Convert 2022 (base 3) to base 6.
142
What is 26 (base 15) in base 12?
30
-16 (base 16) to base 6
-34
-3 (base 15) to base 4
-3
5 (base 12) to base 13
5
What is -16 (base 11) in base 10?
-17
Convert -101 (base 2) to base 6.
-5
-23 (base 11) to base 7
-34
ad (base 16) to base 7
335
-1 (base 11) to base 13
-1
What is 3 (base 5) in base 15?
3
Convert 2 (base 16) to base 12.
2
6 (base 14) to base 15
6
What is -3 (base 10) in base 13?
-3
0 (base 4) to base 12
0
Convert 3 (base 6) to base 15.
3
What is -3 (base 9) in base 15?
-3
Convert -11 (base 4) to base 13.
-5
Convert 8 (base 16) to base 12.
8
Convert -111 (base 2) to base 4.
-13
3 (base 7) to base 16
3
Convert 1110011 (base 2) to base 15.
7a
What is -3 (base 5) in base 3?
-10
Convert 11 (base 2) to base 5.
3
Convert -bd (base 16) to base 10.
-189
25 (base 9) to base 15
18
Convert 165 (base 10) to base 7.
324
Convert 100101 (base 2) to base 11.
34
What is 11 (base 6) in base 13?
7
What is 100 (base 2) in base 14?
4
-11 (base 13) to base 15
-e
-2 (base 9) to base 12
-2
What is 330 (base 4) in base 7?
114
Convert 19 (base 16) to base 12.
21
-a (base 12) to base 2
-1010
Convert -451 (base 6) to base 4.
-2233
What is -2 (base 7) in base 4?
-2
What is 27 (base 8) in base 6?
35
What is 14 (base 11) in base 6?
23
What is -7 (base 11) in base 10?
-7
What is 3d (base 15) in base 3?
2011
What is -73 (base 9) in base 8?
-102
14 (base 14) to base 10
18
114 (base 6) to base 12
3a
What is 15 (base 7) in base 10?
12
Convert 3 (base 12) to base 15.
3
-14 (base 12) to base 7
-22
-12 (base 4) to base 5
-11
27 (base 13) to base 7
45
Convert 4 (base 9) to base 2.
100
-43 (base 12) to base 16
-33
Convert -1230 (base 4) to base 7.
-213
What is 2 (base 5) in base 3?
2
Convert -1 (base 15) to base 10.
-1
Convert -320 (base 7) to base 10.
-161
1120 (base 4) to base 7
154
What is 8 (base 16) in base 3?
22
Convert 202 (base 3) to base 10.
20
Convert 67 (base 11) to base 10.
73
Convert -4 (base 9) to base 3.
-11
What is -19 (base 11) in base 9?
-22
What is -11010011 (base 2) in base 6?
-551
What is 217 (base 10) in base 13?
139
-42 (base 12) to base 2
-110010
Convert 2310 (base 4) to base 16.
b4
What is 2101 (base 3) in base 7?
121
What is -32 (base 9) in base 6?
-45
-2 (base 4) to base 11
-2
Convert -3 (base 8) to base 14.
-3
What is 100 (base 8) in base 13?
4c
What is 224 (base 6) in base 10?
88
What is -110 (base 2) in base 10?
-6
310 (base 6) to base 11
a4
Convert -52 (base 8) to base 16.
-2a
What is 10000001 (base 2) in base 7?
243
What is -30 (base 13) in base 3?
-1110
15 (base 15) to base 4
110
Convert 4 (base 5) to base 14.
4
Convert 1334 (base 5) to base 12.
163
What is 2 (base 3) in base 6?
2
-3 (base 13) to base 3
-10
Convert 68 (base 13) to base 14.
62
What is -7 (base 13) in base 7?
-10
11 (base 3) to base 12
4
Convert 15 (base 7) to base 8.
14
Convert -304 (base 8) to base 13.
-121
What is 30 (base 7) in base 9?
23
What is -110 (base 2) in base 14?
-6
What is 1 (base 4) in base 11?
1
What is 15 (base 7) in base 14?
c
Convert 1010 (base 2) to base 11.
a
-1 (base 10) to base 12
-1
-1 (base 13) to base 7
-1
What is 2 (base 5) in base 14?
2
Convert 3 (base 11) to base 14.
3
0 (base 14) to base 10
0
Convert 5 (base 10) to base 7.
5
41 (base 7) to base 4
131
Convert 210 (base 3) to base 7.
30
What is 1e (base 15) in base 16?
1d
Convert 0 (base 3) to base 10.
0
Convert 10020 (base 3) to base 2.
1010111
Convert -1 (base 10) to base 4.
-1
Convert -2 (base 16) to base 10.
-2
2 (base 16) to base 3
2
What is 31 (base 8) in base 15?
1a
-23 (base 15) to base 7
-45
-2303 (base 4) to base 9
-218
What is -1a (base 11) in base 3?
-210
Convert -10 (base 13) to base 16.
-d
Convert 1 (base 13) to base 6.
1
What is -1111001 (base 2) in base 11?
-100
What is -42 (base 5) in base 2?
-10110
Convert -22 (base 9) to base 6.
-32
167 (base 8) to base 15
7e
21122 (base 3) to base 7
413
-23 (base 10) to base 6
-35
4 (base 9) to base 4
10
-10 (base 15) to base 5
-30
Convert 6 (base 10) to base 4.
12
Convert -51 (base 7) to base 4.
-210
What is -6 (base 15) in base 5?
-11
Convert -41 (base 13) to base 3.
-1222
Convert -235 (base 6) to base 5.
-340
Convert 34 (base 5) to base 2.
10011
10 (base 9) to base 11
9
What is a2 (base 15) in base 4?
2120
What is 5 (base 13) in base 14?
5
What is 1 (base 2) in base 6?
1
-54 (base 8) to base 16
-2c
What is -1032 (base 6) in base 3?
-22202
0 (base 15) to base 11
0
Convert 2 (base 7) to base 16.
2
Convert 4 (base 6) to base 7.
4
74 (base 9) to base 11
61
Convert 0 (base 12) to base 16.
0
1 (base 7) to base 8
1
What is 2 (base 10) in base 6?
2
2211 (base 5) to base 2
100110010
What is -2d (base 14) in base 10?
-41
What is 0 (base 15) in base 9?
0
352 (base 8) to base 10
234
What is -348 (base 9) in base 4?
-10133
35 (base 7) to base 15
1b
-1 (base 14) to base 9
-1
Convert 44 (base 8) to base 2.
100100
Convert 4 (base 9) to base 11.
4
Convert -7a (base 12) to base 2.
-1011110
Convert -5 (base 6) to base 2.
-101
What is -19 (base 15) in base 3?
-220
What is 0 (base 13) in base 14?
0
Convert 2 (base 7) to base 2.
10
21 (base 16) to base 11
30
-1 (base 14) to base 16
-1
Convert -4 (base 12) to base 10.
-4
What is b (base 16) in base 5?
21
Convert -3 (base 7) to base 15.
-3
Convert -4 (base 9) to base 2.
-100
Convert a3 (base 14) to base 8.
217
12 (base 13) to base 3
120
-129 (base 15) to base 6
-1120
23 (base 16) to base 15
25
Convert -13 (base 14) to base 4.
-101
-110 (base 3) to base 7
-15
Convert 332 (base 4) to base 2.
111110
-315 (base 9) to base 10
-257
What is 10 (base 4) in base 6?
4
Convert -2 (base 5) to base 10.
-2
4 (base 6) to base 8
4
Convert 45 (base 8) to base 3.
1101
Convert 60 (base 14) to base 7.
150
Convert 8 (base 12) to base 7.
11
-1010000 (base 2) to base 10
-80
101 (base 2) to base 7
5
What is 5 (base 12) in base 4?
11
Convert 10 (base 10) to base 14.
a
What is -62 (base 9) in base 7?
-110
-5 (base 13) to base 2
-101
Convert 11 (base 3) to base 16.
4
What is 0 (base 3) in base 4?
0
21 (base 4) to base 14
9
What is 52 (base 11) in base 15?
3c
What is 2002 (base 3) in base 6?
132
What is -167 (base 16) in base 13?
-218
What is -3 (base 7) in base 11?
-3
What is -5 (base 10) in base 14?
-5
Convert -14 (base 8) to base 2.
-1100
What is -5 (base 7) in base 9?
-5
Convert -2 (base 15) to base 11.
-2
Convert -111 (base 2) to base 14.
-7
4 (base 14) to base 11
4
Convert 50 (base 8) to base 12.
34
-63 (base 9) to base 11
-52
-44 (base 8) to base 13
-2a
Convert -6 (base 10) to base 6.
-10
What is 11 (base 2) in base 12?
3
Convert 0 (base 4) to base 11.
0
104 (base 6) to base 8
50
Convert 13 (base 9) to base 13.
c
Convert 363 (base 7) to base 13.
11a
-132 (base 5) to base 11
-39
Convert -1033 (base 5) to base 3.
-12022
What is -7 (base 12) in base 14?
-7
11 (base 9) to base 4
22
Convert -11100 (base 2) to base 8.
-34
197 (base 10) to base 14
101
What is a (base 12) in base 14?
a
What is -7 (base 9) in base 13?
-7
What is 2112 (base 3) in base 8?
104
What is 102 (base 4) in base 8?
22
What is 0 (base 2) in base 3?
0
Convert 4 (base 11) to base 8.
4
What is -105 (base 11) in base 7?
-240
What is 145 (base 6) in base 3?
2102
412 (base 5) to base 7
212
Convert -22 (base 14) to base 13.
-24
112 (base 4) to base 10
22
Convert a (base 12) to base 7.
13
1112 (base 3) to base 4
221
What is 16 (base 13) in base 3?
201
What is 0 (base 7) in base 9?
0
What is 39 (base 12) in base 3?
1200
Convert 1111 (base 2) to base 16.
f
30 (base 11) to base 12
29
Convert 155 (base 9) to base 6.
335
12 (base 15) to base 16
11
-2 (base 13) to base 3
-2
5 (base 12) to base 10
5
8 (base 12) to base 2
1000
What is 2 (base 3) in base 13?
2
Convert 1c (base 13) to base 12.
21
37 (base 16) to base 12
47
What is 14 (bas